48 a factor of 1222144?
True
Is 536 a factor of 376597?
False
Is 6464108 a multiple of 33?
False
Is 252 a factor of 37296?
True
Does 68 divide 2185843?
False
Does 2 divide 111958?
True
Does 7 divide 360052?
True
Does 65 divide 94185?
True
Is 3 a factor of 2718?
True
Does 421 divide 26816016?
True
Does 125 divide 1880500?
True
Is 7192886 a multiple of 13?
False
Does 45 divide 765111?
False
Does 179 divide 253276?
False
Is 11 a factor of 128007?
True
Is 71953 a multiple of 61?
False
Does 24 divide 181186?
False
Does 12 divide 205020?
True
Is 245199 a multiple of 47?
True
Is 11249160 a multiple of 24?
True
Does 62 divide 105400?
True
Does 179 divide 412237?
True
Is 8945075 a multiple of 785?
True
Is 35647 a multiple of 13?
False
Does 9 divide 167904?
True
Is 54 a factor of 71550?
True
Does 12 divide 121260?
True
Is 200913 a multiple of 11?
False
Is 11733 a multiple of 17?
False
Is 52782 a multiple of 18?
False
Does 421 divide 4943475?
False
Does 16 divide 320624?
True
Does 4 divide 13832?
True
Is 2864 a multiple of 2?
True
Is 14 a factor of 19132582?
True
Does 37 divide 573648?
True
Does 1498 divide 6488082?
False
Does 21 divide 42693?
True
Is 148 a factor of 3069147?
False
Is 450 a factor of 485058?
False
Does 173 divide 18576194?
False
Is 58285 a multiple of 2?
False
Is 18 a factor of 405396?
True
Does 11 divide 971388?
True
Does 68 divide 267474?
False
Is 3192326 a multiple of 171?
False
Is 954000 a multiple of 500?
True
Is 805729 even?
False
Is 96 a factor of 556957?
False
Does 17 divide 136222?
False
Does 7 divide 798064?
False
Is 9 a factor of 387627?
False
Is 35 a factor of 417760?
True
Is 25 a factor of 14492177?
False
Does 4 divide 151842?
False
Is 111 a factor of 209583?
False
Is 156 a factor of 814437?
False
Is 3052301 a multiple of 132?
False
Is 61 a factor of 1393438?
False
Does 22 divide 596002?
True
Is 1425 a factor of 4666621?
False
Is 242385 a multiple of 429?
True
Does 114 divide 576384?
True
Does 63 divide 6856493?
False
Is 619530 a multiple of 22?
False
Is 635 a factor of 5751830?
True
Does 7 divide 96824?
True
Does 274 divide 437438?
False
Is 613656 a multiple of 108?
True
Is 63 a factor of 1092546?
True
Does 29 divide 14432?
False
Is 506117 a multiple of 31?
False
Is 344516 a multiple of 86?
True
Is 753302 a multiple of 937?
False
Is 34 a factor of 200464?
True
Is 608072 a multiple of 9?
False
Is 12 a factor of 197123?
False
Is 44 a factor of 61600?
True
Does 20 divide 30804?
False
Is 12 a factor of 3534132?
True
Does 50 divide 14700?
True
Is 1005108 a multiple of 51?
True
Is 6299797 a multiple of 6?
False
Is 51298 a multiple of 94?
False
Is 28 a factor of 5307820?
True
Does 35 divide 79432?
False
Is 6188300 a multiple of 66?
False
Is 325 a factor of 215800?
True
Does 27 divide 387153?
True
Is 34 a factor of 603122?
False
Is 5044326 a multiple of 21?
True
Does 10 divide 580629?
False
Does 30 divide 12581660?
False
Is 54 a factor of 1063999?
False
Is 362064 a multiple of 11?
False
Is 917165 a multiple of 53?
True
Does 762 divide 4663741?
False
Is 62 a factor of 474099?
False
Is 421 a factor of 245864?
True
Is 4 a factor of 134892?
True
Does 43 divide 14381406?
False
Is 11 a factor of 373633?
False
Is 11 a factor of 6030510?
False
Is 1325352 a multiple of 644?
True
Is 14 a factor of 65023?
False
Is 45 a factor of 24294?
False
Is 576 a factor of 163008?
True
Is 14044360 a multiple of 1082?
True
Is 51 a factor of 142950?
False
Is 36 a factor of 934848?
True
Is 2066400 a multiple of 280?
True
Does 12 divide 365068?
False
Is 10 a factor of 38750?
True
Is 148 a factor of 50822?
False
Is 590880 a multiple of 480?
True
Does 478 divide 113397?
False
Is 2010223 a multiple of 60?
False
Is 71 a factor of 15718903?
True
Is 93 a factor of 67797?
True
Is 22 a factor of 1690304?
True
Does 2 divide 321143?
False
Does 32 divide 149507?
False
Does 434 divide 109103?
False
Is 220584 a multiple of 21?
True
Does 18 divide 1157530?
False
Is 753952 a multiple of 16?
True
Is 785369 a multiple of 8?
False
Is 571250 a multiple of 292?
False
Does 12 divide 5718852?
True
Does 14 divide 5324270?
True
Is 35 a factor of 826560?
True
Does 241 divide 150625?
True
Does 31 divide 1835647?
False
Is 43 a factor of 10260?
False
Does 13 divide 1164527?
True
Is 1059660 a multiple of 20?
True
Is 37150 a multiple of 2?
True
Is 4236972 a multiple of 987?
False
Is 1734685 a multiple of 233?
True
Is 8330050 a multiple of 393?
False
Is 8 a factor of 156272?
True
Is 19 a factor of 180253?
True
Is 83304 a multiple of 3?
True
Does 633 divide 2998699?
False
Does 15 divide 442759?
False
Is 3666432 a multiple of 12?
True
Is 178 a factor of 11910322?
False
Is 3 a factor of 5073365?
False
Does 51 divide 14994?
True
Does 8 divide 5950356?
False
Is 22 a factor of 3975991?
False
Is 22 a factor of 9678526?
True
Does 925 divide 415325?
True
Is 1534571 a multiple of 17?
False
Is 151 a factor of 3446575?
True
Is 47 a factor of 1271209?
True
Is 1208898 a multiple of 734?
True
Is 234 a factor of 3822390?
True
Is 10 a factor of 552947?
False
Is 7506840 a multiple of 8?
True
Is 131046 a multiple of 10?
False
Is 13319250 a multiple of 350?
True
Does 155 divide 50090?
False
Is 185364 a multiple of 342?
True
Does 28 divide 179209?
False
Is 24 a factor of 997656?
True
Does 6 divide 143634?
True
Is 40 a factor of 27871?
False
Does 3 divide 327616?
False
Is 375561 a multiple of 662?
False
Does 22 divide 60852?
True
Is 206255 a multiple of 14?
False
Does 17 divide 154260?
False
Does 5 divide 3218318?
False
Is 23 a factor of 326171?
False
Is 165136 a multiple of 8?
True
Is 139616 a multiple of 5?
False
Does 9 divide 149328?
True
Does 15 divide 1487460?
True
Is 820 a factor of 235368?
False
Does 106 divide 6777534?
True
Is 241425 a multiple of 10?
False
Does 101 divide 369761?
True
Is 318 a factor of 184587?
False
Is 273300 a multiple of 150?
True
Is 1175 a factor of 6084831?
False
Is 369092 a multiple of 53?
True
Is 953 a factor of 4054062?
True
Does 141 divide 569781?
True
Is 27 a factor of 1985337?
True
Does 231 divide 1456464?
False
Is 18771 a multiple of 15?
False
Is 16 a factor of 64352?
True
Does 46 divide 54924?
True
Is 44416 a multiple of 347?
True
Is 3723589 a multiple of 74?
False
Is 3 a factor of 6006?
True
Is 1071056 a multiple of 73?
True
Is 45214 a multiple of 37?
True
Is 164 a factor of 93127?
False
Is 46 a factor of 101379?
False
Is 41379 a multiple of 17?
False
Is 22658205 a multiple of 645?
True
Is 23 a factor of 2459094?
False
Is 24555384 a multiple of 332?
True
Is 34 a factor of 30804?
True
Does 192 divide 708864?
True
Does 22 divide 174218?
True
Is 62640 a multiple of 180?
True
Is 63000 a multiple of 8?
True
Does 15 divide 240600?
True
Does 8 divide 362808?
True
Is 4112242 a multiple of 8?
False
Does 18 divide 3027040?
False
Does 43 divide 370402?
True
Is 17 a factor of 18272416?
True
Is 28 a factor of 216959?
False
Is 124392 a multiple of 24?
True
Is 4844954 a multiple of 188?
False
Is 58 a factor of 661692?
False
Does 126 divide 1026368?
False
Does 11 divide 8017890?
False
Does 976 divide 2630798?
False
Is 85320 a multiple of 4?
True
Does 78 divide 141570?
True
Is 4300451 a multiple of 59?
True
Is 1544004 a multiple of 36?
True
Is 41 a factor of 226689?
True
Does 34 divide 4337109?
False
Is 30 a factor of 987142?
False
Is 45 a factor of 453862?
False
Does 403 divide 132372?
False
Is 19049968 a multiple of 148?
True
Is 1932416 a multiple of 8?
True
Does 8 divide 982832?
True
Is 141770 a multiple of 10?
True
Is 4 a factor of 189807?
False
Does 891 divide 970948?
False
Is 209834 a multiple of 31?
False
Is 6 a factor of 1652?
False
Is 501 a factor of 677352?
True
Is 200969 a multiple of 1184?
False
Does 771 divide 6888885?
True
Is 15 a factor of 191709?
False
Is 18 a factor of 1064646?
True
Is 20 a factor of 243590?
False
Does 28 divide 7867524?
True
Is 22164 a multiple of 4?
True
Is 811305 a multiple of 149?
True
Does 32 divide 1742252?
False
Is 805 a factor of 122632?
False
Is 1226918 a multiple of 154?
True
Is 61 a factor of 330142?
False
Does 9 divide 1222668?
True
Is 143 a factor of 145145?
True
Is 46 a factor of 53774?
True
Does 22 divide 131833?
False
Does 14 divide 233296?
True
Does 36 divide 11410920?
True
Is 1300410 a multiple of 9?
True
Is 40 a factor of 99511?
Fa